{"id":520,"date":"2022-08-22T16:53:04","date_gmt":"2022-08-22T14:53:04","guid":{"rendered":"http:\/\/81.169.250.167\/?page_id=520"},"modified":"2024-07-11T21:10:28","modified_gmt":"2024-07-11T19:10:28","slug":"elementor-520","status":"publish","type":"page","link":"https:\/\/leeser-fahrzeugtechnik.de\/index.php\/elementor-520\/","title":{"rendered":"\u00dcber uns"},"content":{"rendered":"\t\t<div data-elementor-type=\"wp-page\" data-elementor-id=\"520\" class=\"elementor elementor-520\">\n\t\t\t\t\t\t<section class=\"elementor-section elementor-top-section elementor-element elementor-element-a2f1424 elementor-section-boxed elementor-section-height-default elementor-section-height-default\" data-id=\"a2f1424\" data-element_type=\"section\" data-e-type=\"section\">\n\t\t\t\t\t\t<div class=\"elementor-container elementor-column-gap-default\">\n\t\t\t\t\t<div class=\"elementor-column elementor-col-100 elementor-top-column elementor-element elementor-element-748a9fb\" data-id=\"748a9fb\" data-element_type=\"column\" data-e-type=\"column\">\n\t\t\t<div class=\"elementor-widget-wrap elementor-element-populated\">\n\t\t\t\t\t\t<div class=\"elementor-element elementor-element-612be5e elementor-widget elementor-widget-text-editor\" data-id=\"612be5e\" data-element_type=\"widget\" data-e-type=\"widget\" data-widget_type=\"text-editor.default\">\n\t\t\t\t<div class=\"elementor-widget-container\">\n\t\t\t\t\t\t\t\t\t<p><\/p>\n<p class=\"has-large-font-size\">R. Leeser Fahrzeugtechnik<\/p>\n<p><\/p>\n<p>Ren\u00e9 Leeser gr\u00fcndete im Januar 1999 gemeinsam mit einem Kompangnon die &#8222;Schuler &amp; Leeser GbR&#8220; in R\u00f6srath. Bereits nach neun Monaten f\u00fchrte Ren\u00e9 Leeser die Werkstatt alleine weiter und aus der &#8222;Schuler &amp; Leeser GbR&#8220; wurde die Firma &#8222;R. Leeser Fahrzeugtechnik&#8220;.<\/p>\n<p><\/p>\n<p>Seit \u00fcber 25 Jahren ist es dem Firmengr\u00fcnder wichtig, nach vorne zu schauen, sein Wissen auszubauen und sich stetig weiterzubilden. Dar\u00fcber hinaus legt Ren\u00e9 Leeser einen besonderen Schwerpunkt in die Weiterbildung seiner Mitarbeiter und bildet seit der ersten Stunde Lehrlinge im KFZ Handwerk aus.<\/p>\n<p><\/p>\n<p>Das familiengef\u00fchrte Unternehmen blickt nun auf eine erfolgreiche und best\u00e4ndige Vergangenheit mit stetigem Wachstum und einem zufriedenen Kundenstamm zur\u00fcck. Dem zweifachen KFZ-Meister und seit 2017 zertifiziertem Sachverst\u00e4ndigen ist es wichtig, im Bereich der Diagnosetechnik immer auf dem neuesten Stand zu sein. Damit f\u00fchrt er das Unternehmen seit \u00fcber 25 Jahren konstant nach vorne.<\/p>\n<p><\/p>\n<p>Mit der Leidenschaft zur Markenvielfalt findet Ren\u00e9 Leeser mit seinem ausgebildeten Fachkr\u00e4fte-Team f\u00fcr nahezu jedes Problem die optimale L\u00f6sung. Kundenzufriedenheit steht dabei an erster Stelle!<\/p>\n<p><\/p>\n<p>Als im Juli 2021 das Hochwasser die Werkstatt in R\u00f6srath fast vollst\u00e4ndig zerst\u00f6rte, war aufgeben f\u00fcr ihn keine Option. Ein herzliches Dankesch\u00f6n geht an dieser Stelle an unsere Kunden, Mitarbeiter, Freunde, Nachbarn und Familienmitglieder, welche uns tatkr\u00e4ftig beim Reinigen und beim Wiederaufbau geholfen haben.<\/p>\n<p><\/p>\n<p>Famili\u00e4re Werte, Leidenschaft zur Markenvielfalt, Fachkompetenz und der Blick nach vorn machen uns stark!<\/p>\n<p>\u00a0<\/p>\n<p><\/p>\t\t\t\t\t\t\t\t<\/div>\n\t\t\t\t<\/div>\n\t\t\t\t\t<\/div>\n\t\t<\/div>\n\t\t\t\t\t<\/div>\n\t\t<\/section>\n\t\t\t\t<section class=\"elementor-section elementor-top-section elementor-element elementor-element-5a96d58 elementor-section-boxed elementor-section-height-default elementor-section-height-default\" data-id=\"5a96d58\" data-element_type=\"section\" data-e-type=\"section\">\n\t\t\t\t\t\t<div class=\"elementor-container elementor-column-gap-default\">\n\t\t\t\t\t<div class=\"elementor-column elementor-col-100 elementor-top-column elementor-element elementor-element-7c22c4f\" data-id=\"7c22c4f\" data-element_type=\"column\" data-e-type=\"column\">\n\t\t\t<div class=\"elementor-widget-wrap elementor-element-populated\">\n\t\t\t\t\t\t<div class=\"elementor-element elementor-element-641ddc1 elementor-widget elementor-widget-image\" data-id=\"641ddc1\" data-element_type=\"widget\" data-e-type=\"widget\" data-widget_type=\"image.default\">\n\t\t\t\t<div class=\"elementor-widget-container\">\n\t\t\t\t\t\t\t\t\t\t\t\t\t\t\t<img fetchpriority=\"high\" decoding=\"async\" width=\"768\" height=\"1024\" src=\"https:\/\/leeser-fahrzeugtechnik.de\/wp-content\/uploads\/2022\/09\/IMG_0790-002-768x1024.jpg\" class=\"attachment-medium_large size-medium_large wp-image-834\" alt=\"\" srcset=\"https:\/\/leeser-fahrzeugtechnik.de\/wp-content\/uploads\/2022\/09\/IMG_0790-002-768x1024.jpg 768w, https:\/\/leeser-fahrzeugtechnik.de\/wp-content\/uploads\/2022\/09\/IMG_0790-002-225x300.jpg 225w, https:\/\/leeser-fahrzeugtechnik.de\/wp-content\/uploads\/2022\/09\/IMG_0790-002-1152x1536.jpg 1152w, https:\/\/leeser-fahrzeugtechnik.de\/wp-content\/uploads\/2022\/09\/IMG_0790-002.jpg 1512w\" sizes=\"100vw\" \/>\t\t\t\t\t\t\t\t\t\t\t\t\t\t\t<\/div>\n\t\t\t\t<\/div>\n\t\t\t\t\t<\/div>\n\t\t<\/div>\n\t\t\t\t\t<\/div>\n\t\t<\/section>\n\t\t\t\t<section class=\"elementor-section elementor-top-section elementor-element elementor-element-de715e2 elementor-section-boxed elementor-section-height-default elementor-section-height-default\" data-id=\"de715e2\" data-element_type=\"section\" data-e-type=\"section\">\n\t\t\t\t\t\t<div class=\"elementor-container elementor-column-gap-default\">\n\t\t\t\t\t<div class=\"elementor-column elementor-col-100 elementor-top-column elementor-element elementor-element-7b8925b\" data-id=\"7b8925b\" data-element_type=\"column\" data-e-type=\"column\">\n\t\t\t<div class=\"elementor-widget-wrap elementor-element-populated\">\n\t\t\t\t\t\t<div class=\"elementor-element elementor-element-cecf5ee elementor-widget elementor-widget-text-editor\" data-id=\"cecf5ee\" data-element_type=\"widget\" data-e-type=\"widget\" data-widget_type=\"text-editor.default\">\n\t\t\t\t<div class=\"elementor-widget-container\">\n\t\t\t\t\t\t\t\t\t<p><br \/><br \/><br \/><\/p>\t\t\t\t\t\t\t\t<\/div>\n\t\t\t\t<\/div>\n\t\t\t\t\t<\/div>\n\t\t<\/div>\n\t\t\t\t\t<\/div>\n\t\t<\/section>\n\t\t\t\t<\/div>\n\t\t","protected":false},"excerpt":{"rendered":"<p>R. Leeser Fahrzeugtechnik Ren\u00e9 Leeser gr\u00fcndete im Januar 1999 gemeinsam mit einem Kompangnon die &#8222;Schuler &amp; Leeser GbR&#8220; in R\u00f6srath. Bereits nach neun Monaten f\u00fchrte Ren\u00e9 Leeser die Werkstatt alleine weiter und aus der &#8222;Schuler &amp; Leeser GbR&#8220; wurde die Firma &#8222;R. Leeser Fahrzeugtechnik&#8220;. Seit \u00fcber 25 Jahren ist es dem Firmengr\u00fcnder wichtig, nach vorne &hellip; <\/p>\n<p class=\"link-more\"><a href=\"https:\/\/leeser-fahrzeugtechnik.de\/index.php\/elementor-520\/\" class=\"more-link\">Mehr <span class=\"screen-reader-text\">\u00fcber &#8222;\u00dcber uns&#8220; <\/span>Lesen<\/a><\/p>\n","protected":false},"author":1,"featured_media":0,"parent":0,"menu_order":0,"comment_status":"closed","ping_status":"closed","template":"","meta":{"inspiro_hide_title":false,"footnotes":""},"class_list":["post-520","page","type-page","status-publish","hentry"],"yoast_head":"<!-- This site is optimized with the Yoast SEO plugin v27.6 - https:\/\/yoast.com\/product\/yoast-seo-wordpress\/ -->\n<title>\u00dcber uns - R. Leeser Fahrzeugtechnik<\/title>\n<meta name=\"robots\" content=\"index, follow, max-snippet:-1, max-image-preview:large, max-video-preview:-1\" \/>\n<link rel=\"canonical\" href=\"https:\/\/leeser-fahrzeugtechnik.de\/index.php\/elementor-520\/\" \/>\n<meta property=\"og:locale\" content=\"de_DE\" \/>\n<meta property=\"og:type\" content=\"article\" \/>\n<meta property=\"og:title\" content=\"\u00dcber uns - R. Leeser Fahrzeugtechnik\" \/>\n<meta property=\"og:description\" content=\"R. Leeser Fahrzeugtechnik Ren\u00e9 Leeser gr\u00fcndete im Januar 1999 gemeinsam mit einem Kompangnon die &#8222;Schuler &amp; Leeser GbR&#8220; in R\u00f6srath. Bereits nach neun Monaten f\u00fchrte Ren\u00e9 Leeser die Werkstatt alleine weiter und aus der &#8222;Schuler &amp; Leeser GbR&#8220; wurde die Firma &#8222;R. Leeser Fahrzeugtechnik&#8220;. Seit \u00fcber 25 Jahren ist es dem Firmengr\u00fcnder wichtig, nach vorne &hellip; Mehr \u00fcber &quot;\u00dcber uns&quot; Lesen\" \/>\n<meta property=\"og:url\" content=\"https:\/\/leeser-fahrzeugtechnik.de\/index.php\/elementor-520\/\" \/>\n<meta property=\"og:site_name\" content=\"R. Leeser Fahrzeugtechnik\" \/>\n<meta property=\"article:modified_time\" content=\"2024-07-11T19:10:28+00:00\" \/>\n<meta property=\"og:image\" content=\"http:\/\/leeser-fahrzeugtechnik.de\/wp-content\/uploads\/2022\/09\/IMG_0790-002-768x1024.jpg\" \/>\n<meta name=\"twitter:card\" content=\"summary_large_image\" \/>\n<meta name=\"twitter:label1\" content=\"Gesch\u00e4tzte Lesezeit\" \/>\n\t<meta name=\"twitter:data1\" content=\"2\u00a0Minuten\" \/>\n<script type=\"application\/ld+json\" class=\"yoast-schema-graph\">{\"@context\":\"https:\\\/\\\/schema.org\",\"@graph\":[{\"@type\":\"WebPage\",\"@id\":\"https:\\\/\\\/leeser-fahrzeugtechnik.de\\\/index.php\\\/elementor-520\\\/\",\"url\":\"https:\\\/\\\/leeser-fahrzeugtechnik.de\\\/index.php\\\/elementor-520\\\/\",\"name\":\"\u00dcber uns - R. Leeser Fahrzeugtechnik\",\"isPartOf\":{\"@id\":\"https:\\\/\\\/leeser-fahrzeugtechnik.de\\\/#website\"},\"primaryImageOfPage\":{\"@id\":\"https:\\\/\\\/leeser-fahrzeugtechnik.de\\\/index.php\\\/elementor-520\\\/#primaryimage\"},\"image\":{\"@id\":\"https:\\\/\\\/leeser-fahrzeugtechnik.de\\\/index.php\\\/elementor-520\\\/#primaryimage\"},\"thumbnailUrl\":\"http:\\\/\\\/leeser-fahrzeugtechnik.de\\\/wp-content\\\/uploads\\\/2022\\\/09\\\/IMG_0790-002-768x1024.jpg\",\"datePublished\":\"2022-08-22T14:53:04+00:00\",\"dateModified\":\"2024-07-11T19:10:28+00:00\",\"breadcrumb\":{\"@id\":\"https:\\\/\\\/leeser-fahrzeugtechnik.de\\\/index.php\\\/elementor-520\\\/#breadcrumb\"},\"inLanguage\":\"de\",\"potentialAction\":[{\"@type\":\"ReadAction\",\"target\":[\"https:\\\/\\\/leeser-fahrzeugtechnik.de\\\/index.php\\\/elementor-520\\\/\"]}]},{\"@type\":\"ImageObject\",\"inLanguage\":\"de\",\"@id\":\"https:\\\/\\\/leeser-fahrzeugtechnik.de\\\/index.php\\\/elementor-520\\\/#primaryimage\",\"url\":\"http:\\\/\\\/leeser-fahrzeugtechnik.de\\\/wp-content\\\/uploads\\\/2022\\\/09\\\/IMG_0790-002-768x1024.jpg\",\"contentUrl\":\"http:\\\/\\\/leeser-fahrzeugtechnik.de\\\/wp-content\\\/uploads\\\/2022\\\/09\\\/IMG_0790-002-768x1024.jpg\"},{\"@type\":\"BreadcrumbList\",\"@id\":\"https:\\\/\\\/leeser-fahrzeugtechnik.de\\\/index.php\\\/elementor-520\\\/#breadcrumb\",\"itemListElement\":[{\"@type\":\"ListItem\",\"position\":1,\"name\":\"Startseite\",\"item\":\"https:\\\/\\\/leeser-fahrzeugtechnik.de\\\/\"},{\"@type\":\"ListItem\",\"position\":2,\"name\":\"\u00dcber uns\"}]},{\"@type\":\"WebSite\",\"@id\":\"https:\\\/\\\/leeser-fahrzeugtechnik.de\\\/#website\",\"url\":\"https:\\\/\\\/leeser-fahrzeugtechnik.de\\\/\",\"name\":\"R. Leeser Fahrzeugtechnik\",\"description\":\"Wilkommen bei Leeser Fahrzeugtechnik hier dreht sich alles um die Reparatur und Instandhaltung Ihres Fahrzeuges. Leeser und es l\u00e4uft!\",\"publisher\":{\"@id\":\"https:\\\/\\\/leeser-fahrzeugtechnik.de\\\/#organization\"},\"potentialAction\":[{\"@type\":\"SearchAction\",\"target\":{\"@type\":\"EntryPoint\",\"urlTemplate\":\"https:\\\/\\\/leeser-fahrzeugtechnik.de\\\/?s={search_term_string}\"},\"query-input\":{\"@type\":\"PropertyValueSpecification\",\"valueRequired\":true,\"valueName\":\"search_term_string\"}}],\"inLanguage\":\"de\"},{\"@type\":\"Organization\",\"@id\":\"https:\\\/\\\/leeser-fahrzeugtechnik.de\\\/#organization\",\"name\":\"R. Leeser Fahrzeugtechnik\",\"url\":\"https:\\\/\\\/leeser-fahrzeugtechnik.de\\\/\",\"logo\":{\"@type\":\"ImageObject\",\"inLanguage\":\"de\",\"@id\":\"https:\\\/\\\/leeser-fahrzeugtechnik.de\\\/#\\\/schema\\\/logo\\\/image\\\/\",\"url\":\"https:\\\/\\\/leeser-fahrzeugtechnik.de\\\/wp-content\\\/uploads\\\/2022\\\/09\\\/logo_leeser-transparent-5.png\",\"contentUrl\":\"https:\\\/\\\/leeser-fahrzeugtechnik.de\\\/wp-content\\\/uploads\\\/2022\\\/09\\\/logo_leeser-transparent-5.png\",\"width\":142,\"height\":52,\"caption\":\"R. Leeser Fahrzeugtechnik\"},\"image\":{\"@id\":\"https:\\\/\\\/leeser-fahrzeugtechnik.de\\\/#\\\/schema\\\/logo\\\/image\\\/\"}}]}<\/script>\n<!-- \/ Yoast SEO plugin. -->","yoast_head_json":{"title":"\u00dcber uns - R. Leeser Fahrzeugtechnik","robots":{"index":"index","follow":"follow","max-snippet":"max-snippet:-1","max-image-preview":"max-image-preview:large","max-video-preview":"max-video-preview:-1"},"canonical":"https:\/\/leeser-fahrzeugtechnik.de\/index.php\/elementor-520\/","og_locale":"de_DE","og_type":"article","og_title":"\u00dcber uns - R. Leeser Fahrzeugtechnik","og_description":"R. Leeser Fahrzeugtechnik Ren\u00e9 Leeser gr\u00fcndete im Januar 1999 gemeinsam mit einem Kompangnon die &#8222;Schuler &amp; Leeser GbR&#8220; in R\u00f6srath. Bereits nach neun Monaten f\u00fchrte Ren\u00e9 Leeser die Werkstatt alleine weiter und aus der &#8222;Schuler &amp; Leeser GbR&#8220; wurde die Firma &#8222;R. Leeser Fahrzeugtechnik&#8220;. Seit \u00fcber 25 Jahren ist es dem Firmengr\u00fcnder wichtig, nach vorne &hellip; Mehr \u00fcber \"\u00dcber uns\" Lesen","og_url":"https:\/\/leeser-fahrzeugtechnik.de\/index.php\/elementor-520\/","og_site_name":"R. Leeser Fahrzeugtechnik","article_modified_time":"2024-07-11T19:10:28+00:00","og_image":[{"url":"http:\/\/leeser-fahrzeugtechnik.de\/wp-content\/uploads\/2022\/09\/IMG_0790-002-768x1024.jpg","type":"","width":"","height":""}],"twitter_card":"summary_large_image","twitter_misc":{"Gesch\u00e4tzte Lesezeit":"2\u00a0Minuten"},"schema":{"@context":"https:\/\/schema.org","@graph":[{"@type":"WebPage","@id":"https:\/\/leeser-fahrzeugtechnik.de\/index.php\/elementor-520\/","url":"https:\/\/leeser-fahrzeugtechnik.de\/index.php\/elementor-520\/","name":"\u00dcber uns - R. Leeser Fahrzeugtechnik","isPartOf":{"@id":"https:\/\/leeser-fahrzeugtechnik.de\/#website"},"primaryImageOfPage":{"@id":"https:\/\/leeser-fahrzeugtechnik.de\/index.php\/elementor-520\/#primaryimage"},"image":{"@id":"https:\/\/leeser-fahrzeugtechnik.de\/index.php\/elementor-520\/#primaryimage"},"thumbnailUrl":"http:\/\/leeser-fahrzeugtechnik.de\/wp-content\/uploads\/2022\/09\/IMG_0790-002-768x1024.jpg","datePublished":"2022-08-22T14:53:04+00:00","dateModified":"2024-07-11T19:10:28+00:00","breadcrumb":{"@id":"https:\/\/leeser-fahrzeugtechnik.de\/index.php\/elementor-520\/#breadcrumb"},"inLanguage":"de","potentialAction":[{"@type":"ReadAction","target":["https:\/\/leeser-fahrzeugtechnik.de\/index.php\/elementor-520\/"]}]},{"@type":"ImageObject","inLanguage":"de","@id":"https:\/\/leeser-fahrzeugtechnik.de\/index.php\/elementor-520\/#primaryimage","url":"http:\/\/leeser-fahrzeugtechnik.de\/wp-content\/uploads\/2022\/09\/IMG_0790-002-768x1024.jpg","contentUrl":"http:\/\/leeser-fahrzeugtechnik.de\/wp-content\/uploads\/2022\/09\/IMG_0790-002-768x1024.jpg"},{"@type":"BreadcrumbList","@id":"https:\/\/leeser-fahrzeugtechnik.de\/index.php\/elementor-520\/#breadcrumb","itemListElement":[{"@type":"ListItem","position":1,"name":"Startseite","item":"https:\/\/leeser-fahrzeugtechnik.de\/"},{"@type":"ListItem","position":2,"name":"\u00dcber uns"}]},{"@type":"WebSite","@id":"https:\/\/leeser-fahrzeugtechnik.de\/#website","url":"https:\/\/leeser-fahrzeugtechnik.de\/","name":"R. Leeser Fahrzeugtechnik","description":"Wilkommen bei Leeser Fahrzeugtechnik hier dreht sich alles um die Reparatur und Instandhaltung Ihres Fahrzeuges. Leeser und es l\u00e4uft!","publisher":{"@id":"https:\/\/leeser-fahrzeugtechnik.de\/#organization"},"potentialAction":[{"@type":"SearchAction","target":{"@type":"EntryPoint","urlTemplate":"https:\/\/leeser-fahrzeugtechnik.de\/?s={search_term_string}"},"query-input":{"@type":"PropertyValueSpecification","valueRequired":true,"valueName":"search_term_string"}}],"inLanguage":"de"},{"@type":"Organization","@id":"https:\/\/leeser-fahrzeugtechnik.de\/#organization","name":"R. Leeser Fahrzeugtechnik","url":"https:\/\/leeser-fahrzeugtechnik.de\/","logo":{"@type":"ImageObject","inLanguage":"de","@id":"https:\/\/leeser-fahrzeugtechnik.de\/#\/schema\/logo\/image\/","url":"https:\/\/leeser-fahrzeugtechnik.de\/wp-content\/uploads\/2022\/09\/logo_leeser-transparent-5.png","contentUrl":"https:\/\/leeser-fahrzeugtechnik.de\/wp-content\/uploads\/2022\/09\/logo_leeser-transparent-5.png","width":142,"height":52,"caption":"R. Leeser Fahrzeugtechnik"},"image":{"@id":"https:\/\/leeser-fahrzeugtechnik.de\/#\/schema\/logo\/image\/"}}]}},"_links":{"self":[{"href":"https:\/\/leeser-fahrzeugtechnik.de\/index.php\/wp-json\/wp\/v2\/pages\/520","targetHints":{"allow":["GET"]}}],"collection":[{"href":"https:\/\/leeser-fahrzeugtechnik.de\/index.php\/wp-json\/wp\/v2\/pages"}],"about":[{"href":"https:\/\/leeser-fahrzeugtechnik.de\/index.php\/wp-json\/wp\/v2\/types\/page"}],"author":[{"embeddable":true,"href":"https:\/\/leeser-fahrzeugtechnik.de\/index.php\/wp-json\/wp\/v2\/users\/1"}],"replies":[{"embeddable":true,"href":"https:\/\/leeser-fahrzeugtechnik.de\/index.php\/wp-json\/wp\/v2\/comments?post=520"}],"version-history":[{"count":39,"href":"https:\/\/leeser-fahrzeugtechnik.de\/index.php\/wp-json\/wp\/v2\/pages\/520\/revisions"}],"predecessor-version":[{"id":1231,"href":"https:\/\/leeser-fahrzeugtechnik.de\/index.php\/wp-json\/wp\/v2\/pages\/520\/revisions\/1231"}],"wp:attachment":[{"href":"https:\/\/leeser-fahrzeugtechnik.de\/index.php\/wp-json\/wp\/v2\/media?parent=520"}],"curies":[{"name":"wp","href":"https:\/\/api.w.org\/{rel}","templated":true}]}}